 + 27. What is n(8)?
-5
Let m(s) = 8*s + 2. What is m(-1)?
-6
Let d(z) = -12*z - 32. Calculate d(-6).
40
Let l(u) = -54*u**3 + u**2 - 4*u + 2. What is l(1)?
-55
Let i(s) = -5*s - 2. Give i(1).
-7
Let u(y) = -y - 11. What is u(-9)?
-2
Let r(p) = -5*p + 126. Determine r(26).
-4
Let i(s) = 28*s**2 - 2*s + 1. What is i(1)?
27
Let l(i) = -i**2 + i - 1. Calculate l(1).
-1
Let h(t) = -t**3 - 16*t**2 + 2*t + 21. Determine h(-16).
-11
Let m(r) = -3*r**3 - r - 2. Determine m(2).
-28
Let l(k) = -2*k + 7. Give l(-3).
13
Let w(j) = j - 11. Give w(6).
-5
Let k(f) = f**2 + 28*f - 374. Determine k(-38).
6
Let o(q) = q**3 + 2*q**2 - 2. Determine o(0).
-2
Let k(b) = 3*b**2 + 6*b + 6. What is k(-5)?
51
Let m(w) = 2*w - 72. Give m(0).
-72
Let h(w) = 19*w + 184. Calculate h(-10).
-6
Let b(z) = z**2 - 18*z + 6. Give b(16).
-26
Let k(z) = -4*z**3 + 2*z**2 - 1. Calculate k(2).
-25
Let x(h) = h**3 + 5*h**2 - 5*h + 3. Determine x(-6).
-3
Let q(o) = -o**3 + 7*o**2 - 11*o - 5. What is q(5)?
-10
Let y(l) = -4*l**2 + 6*l + 7. Calculate y(4).
-33
Let s(p) = 6*p - 11. Calculate s(2).
1
Let d(v) = 2*v - 8. Calculate d(-14).
-36
Let v(d) = -d**2 - d + 6. What is v(0)?
6
Let n(d) = 5*d - 18. Give n(8).
22
Let z(c) = -3*c**2 + 3*c - 3. Calculate z(1).
-3
Let m(a) = -2*a + 5. Give m(5).
-5
Let n(x) = -x**3 + x**2 + 5*x + 3. Give n(4).
-25
Let x(n) = -2*n**2 - 11*n + 8. Give x(-6).
2
Let o(t) = 8*t + 118. What is o(-16)?
-10
Let m(k) = 16*k**2 - 6*k. Give m(1).
10
Let k(c) = c**3 - 14*c**2 - 13*c + 37. Give k(15).
67
Let k(l) = -12*l - 329. Calculate k(-28).
7
Let t(l) = -l**2 + 2*l - 11. Give t(0).
-11
Let p(n) = 2*n - 26. Calculate p(12).
-2
Let n(b) = 2*b**2 + 3*b - 10. What is n(-6)?
44
Let j(r) = -r + 2. Give j(-4).
6
Let h(p) = -2*p**2 - 10*p - 9. What is h(-4)?
-1
Let v(a) = a**3 + 6*a**2 - 45*a - 14. Calculate v(-10).
36
Let y(p) = -2*p - 3. Determine y(-2).
1
Let w(b) = -b - 10. What is w(-7)?
-3
Let m(y) = -y**2 + 6*y + 3. Calculate m(10).
-37
Let c(f) = f**2 - 20*f + 15. Calculate c(7).
-76
Let a(r) = r**3 - 2*r**2 - r - 42. What is a(0)?
-42
Let x(s) = 6*s**2 - s - 1. Calculate x(1).
4
Let q(b) = 4*b + 4. What is q(10)?
44
Let n(x) = -4*x + 2. Give n(2).
-6
Let f(s) = s**2 + 9*s + 2. Give f(-5).
-18
Let x(i) = i. Determine x(6).
6
Let n(d) = d**3 - 8*d**2 - 9*d - 13. Calculate n(9).
-13
Let h(b) = b - 3. What is h(-8)?
-11
Let j(t) = -35*t - 64. Determine j(-2).
6
Let q(z) = -z**2 + 4*z + 3. Give q(4).
3
Let d(r) = -2*r**3 - 47*r**2 + 26*r + 50. Give d(-24).
2
Let m(k) = -30*k - 351. Determine m(-12).
9
Let t(y) = -2*y**2 + 32*y - 57. What is t(15)?
-27
Let h(p) = -p**2 - 11*p + 27. Determine h(-13).
1
Let b(h) = 7*h + 48. What is b(-6)?
6
Let d(z) = 48*z - 12. Calculate d(5).
228
Let t(q) = -q**2 - 6*q + 24. Determine t(-8).
8
Let z(u) = 7*u - 19. Determine z(-11).
-96
Let y(b) = -5*b + 1. Calculate y(10).
-49
Let f(i) = -i**2 - 2*i + 3. Give f(-7).
-32
Let l(j) = -j**3 - 6*j**2 + 13*j - 6. Calculate l(-8).
18
Let g(o) = o**2 - 23*o + 17. What is g(22)?
-5
Let l(m) = m**3 + 21*m**2 + 24*m - 19. Give l(-20).
-99
Let d(s) = -s**2 - 6*s - 15. Calculate d(-12).
-87
Let u(z) = -2*z**2 - 8*z + 21. Calculate u(-6).
-3
Let f(q) = q - 18. Give f(9).
-9
Let b(t) = t**3 + 6*t**2 - 4*t + 8. Determine b(-6).
32
Let x(s) = -3*s**2 - 12*s - 3. Determine x(-6).
-39
Let m(r) = r - 1. Determine m(3).
2
Let a(n) = 24*n + 5. Give a(-5).
-115
Let o(q) = q - 5. Give o(-4).
-9
Let w(v) = v**2 - 5*v - 2. Give w(3).
-8
Let y(b) = -3*b + 22. What is y(10)?
-8
Let g(l) = l**2 - 2*l. Give g(-3).
15
Let i(v) = -v**3 - 13*v**2 - 34*v - 19. Determine i(-3).
-7
Let p(u) = -10*u - 2. Give p(-4).
38
Let q(c) = -5*c + 6. What is q(0)?
6
Let i(b) = b**3 + 2*b - 15. Calculate i(0).
-15
Let g(x) = -3*x - 14. Calculate g(-6).
4
Let q(h) = h - 18. Determine q(6).
-12
Let d(q) = -q**2 - 17*q + 8. Calculate d(-20).
-52
Let v(d) = -d**3 - 8*d**2 - 7*d + 12. What is v(-4)?
-24
Let n(j) = -j**3 + 13*j**2 - 1. Determine n(13).
-1
Let l(s) = -s**3 - 21*s**2 + 45*s - 14. Calculate l(-23).
9
Let f(r) = -23*r - 1742. Calculate f(-76).
6
Let r(h) = h**2 + 54*h + 105. Calculate r(-52).
1
Let x(v) = -v**3 + 2*v**2 + 29*v - 58. What is x(5)?
12
Let s(d) = 2*d + 23. Determine s(-6).
11
Let w(x) = 2*x**2 - 33*x + 13. What is w(16)?
-3
Let j(i) = -i**2 + 4*i - 6. Determine j(5).
-11
Let t(n) = 2*n**2 - 3*n + 2. What is t(1)?
1
Let v(o) = -o**3 + 17*o**2 + 40*o - 26. Calculate v(19).
12
Let q(t) = -7*t - 11. Determine q(-2).
3
Let d(t) = -t**3 - 8*t**2 - 28*t + 1. Determine d(-6).
97
Let s(q) = -q**2 + 3*q + 12. Give s(5).
2
Let h(t) = -t**3 + 13*t**2 + 31*t - 26. Calculate h(15).
-11
Let o(q) = -20*q**3 - q**2 - q. Determine o(-1).
20
Let i(y) = -y + 20. What is i(9)?
11
Let q(s) = -49*s - 4. What is q(4)?
-200
Let s(g) = -g**3 + 15*g**2 + 2*g - 25. What is s(15)?
5
Let f(p) = 11*p + 18. Give f(-11).
-103
Let f(q) = 3*q - 52. What is f(17)?
-1
Let d(o) = o**3 - 9*o**2 + o + 13. Calculate d(9).
22
Let d(r) = -6*r + 1. Calculate d(1).
-5
Let o(y) = -14*y**2 + 4*y + 4. Give o(-1).
-14
Let s(o) = -20*o - 89. Determine s(-4).
-9
Let w(c) = c - 3. What is w(10)?
7
Let d(s) = 14*s**2 + 2*s - 1. Give d(1).
15
Let q(h) = -19*h**2 - 1. Calculate q(1).
-20
Let x(w) = 8*w**3 - w - 1. Give x(-1).
-8
Let w(l) = -l**2 - 8*l + 10. Determine w(-11).
-23
Let h(o) = -15*o - 3. Calculate h(-1).
12
Let k(g) = -g**2 + 3*g + 4. Give k(4).
0
Let a(q) = -2*q + 7. Give a(20).
-33
Let x(t) = 5*t**2 + 4. Determine x(2).
24
Let l(z) = -z**3 - 23*z**2 - 21*z + 11. What is l(-22)?
-11
Let b(z) = -7*z - 13. What is b(-3)?
8
Let g(y) = 2*y**2 - 11*y + 9. Calculate g(6).
15
Let a(f) = -f**2 + 5*f - 2. Determine a(1).
2
Let k(r) = -r + 3. Give k(5).
-2
Let j(n) = -n**2 - 3*n + 50. Calculate j(-9).
-4
Let z(y) = 16*y - 2. Determine z(-1).
-18
Let t(k) = -8*k - 78. Calculate t(-11).
10
Let t(b) = 17*b - 31. Determine t(10).
139
Let b(j) = -3*j**2 + 39*j - 156. Give b(7).
-30
Let v(m) = m**3 + 6*m**2 + 2*m + 6. Determine v(-5).
21
Let b(r) = -24*r + 1. Determine b(1).
-23
Let l(g) = -g**3 + 10*g**2 - 6*g - 12. Give l(9).
15
Let j(h) = 12*h - 670. Give j(56).
2
Let c(q) = -q**3 + 6*q**2 - 8*q + 10. Calculate c(4).
10
Let m(p) = 8*p**2 - 1. What is m(-2)?
31
Let f(q) = q - 6. Give f(16).
10
Let v(x) = 7*x**2 - 2*x + 1. Calculate v(1).
6
Let t(k) = k**2 + 12*k + 25. What is t(-7)?
-10
Let g(z) = z**3 + 2*z**2 - 2*z - 5. What is g(-2)?
-1
Let a(h) = 2*h**2 - 17*h - 23. Determine a(8).
-31
Let l(o) = -5*o**2 + 16*o - 4. Calculate l(8).
-196
Let f(c) = 14*c**2 + 40*c + 40. Determine f(-1).
14
Let o(n) = n**2 - 10*n. What is o(9)?
-9
Let w(o) = -o**3 + o**2 - 5*o - 4. Give w(-3).
47
Let w(r) = -r**2 + 2*r - 12. What is w(-5)?
-47
Let m(h) = 2*h**3 + 35*h**2 - 21*h - 55. What is m(-18)?
-1
Let i(m) = m**2 + 21*m - 21. What is i(-21)?
-21
Let z(g) = -8*g - 1. Determine z(1).
-9
Let n(d) = 306*d + 2448. Determine n(-8).
0
Let r(b) = b**3 + 7*b**2 - 10*b + 3. Calculate r(-6).
99
Let h(j) = 10*j**2 + 4*j + 3. What is h(-2)?
35
Let m(z) = 19*z - 146. Calculate m(7).
-13
Let x(p) = p**3 - 4*p**2 - p + 1. What is x(4)?
-3
Let u(x) = 6*x + 25. Give u(-9).
-29
Let a(k) = 12*k**2 + 2*k - 2. Calculate a(2).
50
Let d(v) = -17*v + 164. Give d(10).
-6
Let o(m) = m**3 + 5*m**2 - 8*m - 6. Give o(-6).
6
Let k(v) = -3*v - 53. What is k(-16)?
-5
Let u(h) = -8*h**2. Give u(-1).
-8
Let z(f) = -7*f**2 + 3*f - 2. What is z(-2)?
-36
Let u(k) = 11*k + 187. What is u(-16)?
11
Let m(z) = -z**3 + 10*z**2 - 10*z - 21. Calculate m(9).
-30
Let x(p) = p**3 + 6*p**2 + 6*p + 6. What is x(-5)?
1
Let t(r) = 3*r + 2. Calculate t(4).
14
Let k(a) = a + 8. What is k(-4)?
4
Let n(l) = 9*l. Give n(6).
54
Let b(h) = -h**2 - h - 12. Give b(3).
-24
Let j(r) = 2*r**3 - 12*r**2 + 13*r + 8. Give j(7).
197
Let q(v) = 4*v + 2. What is q(15)?
62
Let g(n) = 23*n. Determine g(1).
23
Let n(y) = -2*y**3 - 13*y**2 - 9*y - 8. Calculate n(-6).
10
Let m(r) = -r**2 - 8*r + 1. Calculate m(-7).
8
Let n(a) = -18*a**2. Calculate n(-1).
-18
Let c(k) = -2*k + 25. Calculate c(11).
3
Let o(a) = -a**3 + 18*a**2 - 17*a - 20. Give o(17).
-20
Let l(h) = 38*h + 684. Calculate l(-18).
0
Let z(t) = t**3 + 8*t**2 + 6*t + 10. What is z(-6)?
46
Let m(u) = 3*u**2 + 2*u - 4. Give m(2).
12
Let a(p) = -4*p + 27. Calculate a(9).
-9
Let q(n) = n*